{"id":56,"date":"2023-09-21T20:52:52","date_gmt":"2023-09-21T20:52:52","guid":{"rendered":"https:\/\/ertms.pl\/?page_id=56"},"modified":"2023-09-21T21:06:25","modified_gmt":"2023-09-21T21:06:25","slug":"materialy","status":"publish","type":"page","link":"https:\/\/ertms.pl\/?page_id=56","title":{"rendered":"Materia\u0142y"},"content":{"rendered":"\n<p>Prezentacje dla nauczycieli szk\u00f3\u0142 \u015brednich: <\/p>\n\n\n\n<div class=\"wp-block-group\"><div class=\"wp-block-group__inner-container is-layout-constrained wp-block-group-is-layout-constrained\">\n<div class=\"wp-block-file\"><a id=\"wp-block-file--media-70fe352f-c975-49a2-a742-97c23e25e393\" href=\"https:\/\/ertms.pl\/wp-content\/uploads\/2023\/09\/TEST.pptx\">TEST<\/a><a href=\"https:\/\/ertms.pl\/wp-content\/uploads\/2023\/09\/TEST.pptx\" class=\"wp-block-file__button wp-element-button\" download aria-describedby=\"wp-block-file--media-70fe352f-c975-49a2-a742-97c23e25e393\">Download<\/a><\/div>\n<\/div><\/div>\n\n\n\n<p class=\"materialy\" id=\"materialy\">Prezentacje demonstracyjne: <\/p>\n\n\n\n<div class=\"wp-block-file\"><a id=\"wp-block-file--media-8b7facea-dd92-40d5-9a27-e326cd0ed52e\" href=\"https:\/\/ertms.pl\/wp-content\/uploads\/2023\/09\/TEST.pptx\">TEST<\/a><a href=\"https:\/\/ertms.pl\/wp-content\/uploads\/2023\/09\/TEST.pptx\" class=\"wp-block-file__button wp-element-button\" download aria-describedby=\"wp-block-file--media-8b7facea-dd92-40d5-9a27-e326cd0ed52e\">Download<\/a><\/div>\n\n\n\n<p><\/p>\n\n\n\n<p class=\"has-medium-font-size\">Has\u0142o do plik\u00f3w: www.ertms.pl<\/p>\n","protected":false},"excerpt":{"rendered":"<p>Prezentacje dla nauczycieli szk\u00f3\u0142 \u015brednich: Prezentacje demonstracyjne: Has\u0142o do plik\u00f3w: www.ertms.pl<\/p>\n","protected":false},"author":1,"featured_media":0,"parent":0,"menu_order":0,"comment_status":"closed","ping_status":"closed","template":"","meta":{"footnotes":""},"class_list":["post-56","page","type-page","status-publish","hentry","entry"],"_links":{"self":[{"href":"https:\/\/ertms.pl\/index.php?rest_route=\/wp\/v2\/pages\/56","targetHints":{"allow":["GET"]}}],"collection":[{"href":"https:\/\/ertms.pl\/index.php?rest_route=\/wp\/v2\/pages"}],"about":[{"href":"https:\/\/ertms.pl\/index.php?rest_route=\/wp\/v2\/types\/page"}],"author":[{"embeddable":true,"href":"https:\/\/ertms.pl\/index.php?rest_route=\/wp\/v2\/users\/1"}],"replies":[{"embeddable":true,"href":"https:\/\/ertms.pl\/index.php?rest_route=%2Fwp%2Fv2%2Fcomments&post=56"}],"version-history":[{"count":5,"href":"https:\/\/ertms.pl\/index.php?rest_route=\/wp\/v2\/pages\/56\/revisions"}],"predecessor-version":[{"id":67,"href":"https:\/\/ertms.pl\/index.php?rest_route=\/wp\/v2\/pages\/56\/revisions\/67"}],"wp:attachment":[{"href":"https:\/\/ertms.pl\/index.php?rest_route=%2Fwp%2Fv2%2Fmedia&parent=56"}],"curies":[{"name":"wp","href":"https:\/\/api.w.org\/{rel}","templated":true}]}}